e the prime factors of 123149362?
2, 7, 61, 144203
What are the prime factors of 501002527?
501002527
List the prime factors of 24018000.
2, 3, 5, 4003
What are the prime factors of 99589949?
31, 167, 19237
List the prime factors of 384115451.
31, 83, 149287
What are the prime factors of 269977594?
2, 1201, 112397
List the prime factors of 453348036.
2, 3, 4197667
What are the prime factors of 467519037?
3, 155839679
What are the prime factors of 17887391?
37, 483443
List the prime factors of 96472430.
2, 5, 79, 122117
List the prime factors of 1087146316.
2, 29, 31, 149, 2029
List the prime factors of 50126807.
19, 2638253
List the prime factors of 94071821.
61, 127, 12143
What are the prime factors of 119382921?
3, 7, 43, 127, 347
What are the prime factors of 1224206497?
523, 2340739
What are the prime factors of 1038229500?
2, 3, 5, 7, 11, 89, 101
What are the prime factors of 961599177?
3, 7, 11, 19, 10433
List the prime factors of 236161723.
7, 23, 209549
List the prime factors of 3049699366.
2, 7, 887, 245587
What are the prime factors of 126707632?
2, 7919227
List the prime factors of 99137415.
3, 5, 13, 163, 3119
List the prime factors of 19297815.
3, 5, 1286521
List the prime factors of 4300234.
2, 269, 7993
List the prime factors of 2620751.
7, 107, 3499
What are the prime factors of 206796001?
206796001
What are the prime factors of 33646548?
2, 3, 13, 47, 353
List the prime factors of 4179109495.
5, 11, 6907619
What are the prime factors of 202201516?
2, 11, 4595489
List the prime factors of 606161024.
2, 7, 43, 15733
List the prime factors of 404572552.
2, 43, 1176083
List the prime factors of 77479476.
2, 3, 6456623
List the prime factors of 51372788.
2, 43, 298679
What are the prime factors of 2526961418?
2, 103, 127, 96589
List the prime factors of 109113521.
11, 31, 319981
List the prime factors of 23177927.
263, 88129
What are the prime factors of 17358599?
17358599
What are the prime factors of 32587192?
2, 11, 67, 5527
List the prime factors of 142094440.
2, 5, 1511, 2351
List the prime factors of 820710847.
11, 74610077
List the prime factors of 1366415418.
2, 3, 23, 9901561
List the prime factors of 139739327.
7, 13, 219371
List the prime factors of 790465325.
5, 13, 29, 83869
List the prime factors of 2061530751.
3, 7, 2099, 46769
List the prime factors of 128148501.
3, 13, 37, 88807
What are the prime factors of 1418511065?
5, 283702213
List the prime factors of 118336349.
1063, 111323
List the prime factors of 197066442.
2, 3, 19, 31, 55763
What are the prime factors of 114793398?
2, 3, 6377411
What are the prime factors of 17437345?
5, 19, 31, 191
List the prime factors of 7256562123.
3, 23, 105167567
List the prime factors of 5319319654.
2, 11, 6547, 36931
What are the prime factors of 164556158?
2, 13, 17, 372299
What are the prime factors of 6458993465?
5, 1291798693
List the prime factors of 41696634.
2, 3, 7, 992777
List the prime factors of 4060879794.
2, 3, 17, 293, 45293
List the prime factors of 25374123.
3, 2819347
What are the prime factors of 420485063?
2309, 182107
What are the prime factors of 806702877?
3, 47, 53, 35983
What are the prime factors of 183078544?
2, 11, 1040219
What are the prime factors of 3178450?
2, 5, 11, 5779
List the prime factors of 228091608.
2, 3, 43, 73673
What are the prime factors of 1055396788?
2, 17, 912973
What are the prime factors of 1132066131?
3, 7, 53907911
List the prime factors of 3293578.
2, 163, 10103
What are the prime factors of 28508671?
28508671
What are the prime factors of 206282638?
2, 907, 113717
What are the prime factors of 1756009116?
2, 3, 48778031
List the prime factors of 2025320773.
7, 41333077
What are the prime factors of 2722675245?
3, 5, 181511683
What are the prime factors of 748383672?
2, 3, 31182653
What are the prime factors of 4280842071?
3, 11, 1049, 41221
What are the prime factors of 6936317061?
3, 19, 121689773
List the prime factors of 118510398.
2, 3, 23, 95419
What are the prime factors of 827883011?
1607, 515173
List the prime factors of 28936367.
1993, 14519
What are the prime factors of 28774156?
2, 401, 17939
List the prime factors of 1538679192.
2, 3, 191, 335663
List the prime factors of 326912641.
11, 29719331
List the prime factors of 45288817.
7, 23, 281297
What are the prime factors of 590829332?
2, 147707333
What are the prime factors of 59907479?
23, 59, 131, 337
What are the prime factors of 1375575742?
2, 61, 919, 12269
List the prime factors of 251372234.
2, 17, 71, 101, 1031
List the prime factors of 33401443.
47, 67, 10607
List the prime factors of 3957387468.
2, 3, 329782289
What are the prime factors of 472897533?
3, 157632511
What are the prime factors of 1441910433?
3, 480636811
List the prime factors of 517488831.
3, 6388751
What are the prime factors of 566843721?
3, 188947907
List the prime factors of 403801772.
2, 11, 251, 36563
What are the prime factors of 142143842?
2, 71071921
What are the prime factors of 2027264893?
53, 38250281
List the prime factors of 1146647232.
2, 3, 663569
What are the prime factors of 986023587?
3, 16451, 19979
List the prime factors of 474382910.
2, 5, 509, 93199
List the prime factors of 3877053263.
21893, 177091
What are the prime factors of 54534040?
2, 5, 11, 123941
What are the prime factors of 42807717?
3, 17, 93263
List the prime factors of 118024702.
2, 4289, 13759
List the prime factors of 29709480.
2, 3, 5, 247579
List the prime factors of 76013122.
2, 59, 181, 3559
What are the prime factors of 58860391?
179, 328829
List the prime factors of 51637344.
2, 3, 11, 107, 457
What are the prime factors of 151032652?
2, 331, 114073
List the prime factors of 475612966.
2, 487, 488309
List the prime factors of 158916218.
2, 43, 1847863
What are the prime factors of 102925320?
2, 3, 5, 857711
What are the prime factors of 1801732220?
2, 5, 3271, 27541
List the prime factors of 592795497.
3, 7, 19, 1485703
List the prime factors of 499122476.
2, 19, 6567401
List the prime factors of 420109514.
2, 11, 3049, 6263
List the prime factors of 783931527.
3, 409, 23663
List the prime factors of 68927244.
2, 3, 431, 13327
List the prime factors of 1923563707.
13, 29, 137, 37243
What are the prime factors of 1114826457?
3, 199, 997, 1873
List the prime factors of 91825598.
2, 45912799
List the prime factors of 15954897.
3, 7, 759757
List the prime factors of 177634227.
3, 7517, 7877
List the prime factors of 1505524868.
2, 47, 443, 18077
List the prime factors of 45767665.
5, 71, 128923
List the prime factors of 203759867.
203759867
What are the prime factors of 3879138631?
3879138631
What are the prime factors of 26196634?
2, 73, 179429
List the prime factors of 418104951.
3, 11, 12669847
List the prime factors of 64666219.
47, 1375877
What are the prime factors of 36290282?
2, 7, 67, 5527
List the prime factors of 593259665.
5, 37, 3206809
List the prime factors of 194632063.
79, 2463697
List the prime factors of 1100264118.
2, 3, 29, 6323357
What are the prime factors of 308995961?
17, 23, 790271
List the prime factors of 80827486.
2, 17, 89, 26711
List the prime factors of 366215820.
2, 3, 5, 211, 28927
What are the prime factors of 45728863?
1117, 40939
What are the prime factors of 1446177903?
3, 7103, 67867
List the prime factors of 1196055274.
2, 10211, 58567
What are the prime factors of 234012130?
2, 5, 11, 2127383
What are the prime factors of 319125573?
3, 13, 209813
List the prime factors of 1179896244.
2, 3, 6653, 14779
List the prime factors of 958660180.
2, 5, 1123, 42683
What are the prime factors of 1449819578?
2, 2251, 322039
List the prime factors of 118906743.
3, 337, 349
List the prime factors of 45004719.
3, 73, 89, 2309
What are the prime factors of 1710626612?
2, 427656653
What are the prime factors of 88541768?
2, 7, 1009, 1567
List the prime factors of 347630571.
3, 38625619
List the prime factors of 4296014565.
3, 5, 31, 9238741
What are the prime factors of 1661707610?
2, 5, 313, 530897
What are the prime factors of 3384099596?
2, 5897, 143467
List the prime factors of 274429553.
274429553
List the prime factors of 512472966.
2, 3, 31, 2755231
What are the prime factors of 947662101?
3, 53, 1986713
What are the prime factors of 294626174?
2, 47, 3134321
Li